 h(g) = 20*g + 12. Let k be h(9). Let f(m) = 2*m**3 - 10*m**2 - 8*m. Let x be f(6). What is the greatest common factor of x and k?
24
Let v = -121 - -706. What is the greatest common factor of 90 and v?
45
Let a be (-20)/6*9/(-6). Let k(f) = 6*f**2 - f - 4*f - 3*f + a*f - 3. Let q be k(-3). Calculate the greatest common divisor of 40 and q.
20
Let h = 81 + -78. Let r(g) = -g**3 - 5*g**2 + 6*g + 12. Let x be r(-6). Calculate the highest common factor of x and h.
3
Suppose 0 = -0*j + 3*j - 3. Let g(w) = -w**2 - 9*w + 8. Let f be g(-9). Let b be 3*(f/3 + -6 + 4). What is the highest common factor of j and b?
1
Let t(f) = 4*f**2 + 6*f + 18. Let o be t(-6). What is the greatest common divisor of 162 and o?
18
Suppose 10*l - 267 = -217. What is the greatest common divisor of 8 and l?
1
Let k be 7 + -6 + (66 - 6). Calculate the highest common divisor of 488 and k.
61
Suppose -2*k + 117 = 21. Let i be k/27 + 12/54. What is the highest common factor of i and 14?
2
Let q(c) = -25*c**3 - 3*c**2 - 3*c + 7. Let b be q(3). Let h be -1 - 1 - b/16. What is the greatest common divisor of 6 and h?
6
Let p = 10 - 6. Let b be (-4 - 11)*1*(-68)/51. Calculate the greatest common factor of p and b.
4
Suppose g + 34 - 113 = 0. Let a = 85 - g. What is the highest common factor of a and 48?
6
Suppose 5*q - 4*b = 18, 2*q - 4*q = -b - 6. Suppose q*g = z + 22, -z + 6*z = g - 2. What is the highest common factor of 84 and g?
12
Suppose 39 = g - z - 2*z, z - 182 = -4*g. Suppose -2*j + 60 = -5*l, 0 = 4*l - 0*l. Calculate the highest common divisor of j and g.
15
Let p be (-2)/(-10)*(31 - 26). Let q be 87/(-116)*(-31 + (0 - p)). Calculate the highest common divisor of q and 36.
12
Let z be 1/((9/(-3))/(-219)). Suppose 0 = -g - 3*i + 2, 0*g + i + z = 4*g. Calculate the greatest common factor of 34 and g.
17
Suppose 34*n + 104 = 35*n. What is the highest common divisor of 8 and n?
8
Let h be 24/(-6) - 9*-4. Suppose -12 = -0*d - 3*d. What is the highest common divisor of d and h?
4
Let p(m) be the third derivative of -7*m**4/12 + m**3 + 10*m**2. Let x be p(-1). What is the greatest common factor of 140 and x?
20
Suppose -3*b + 28 = -4*t, 0 = -b + 4*b + 3*t. Let d(c) = 13*c - 71. Let n be d(7). What is the highest common factor of b and n?
4
Let z be (-579)/(-6) + 3 - 2/(-4). Calculate the highest common factor of 4 and z.
4
Suppose v = 4, -4*q - 127 = 3*v - 491. What is the highest common factor of 132 and q?
44
Let m = 56 - 33. Suppose a + 3 = -2*o - 5, -m = a + 5*o. What is the highest common factor of 8 and a?
2
Suppose -362 - 998 = -8*m. Calculate the greatest common factor of m and 34.
34
Let c(g) = -14*g**2 + 32*g + 3. Let h be c(2). Calculate the highest common factor of 473 and h.
11
Suppose -2*j + 28 = -0*j. Let g = 47 - j. What is the greatest common factor of 3 and g?
3
Suppose -5*d - 3 - 26 = -2*r, -3*r = -4*d - 40. Let o be (11 - r) + -169 + 0. Let f = o + 265. What is the highest common divisor of 19 and f?
19
Let m be 6/(-8) + 30/(-24). Let y(o) = 2*o**2 - 5*o - 2 + 0*o**3 - 1 + 3*o + o**3. Let t be y(m). What is the greatest common factor of 5 and t?
1
Let r be -2*16/(-1)*-1. Let y be (-2)/(-3) + r/(-6). Let v(z) = z**3 + 7*z**2 + 10*z + 15. Let f be v(-5). Calculate the greatest common factor of f and y.
3
Suppose -3*g + 5*w = -77, 2*w - 21 = -g + 6*w. What is the highest common divisor of g and 2349?
29
Let d(r) = r**3 - 15*r**2 + 17*r - 30. Let j be d(14). Calculate the greatest common divisor of j and 18.
6
Let g be ((-12)/10)/((-3)/140). Suppose 2049 = 51*m - 2235. Calculate the greatest common factor of m and g.
28
Suppose -160 = 11*f - 13*f. Calculate the greatest common divisor of f and 5.
5
Suppose -3*s = 34 + 89. Let a = s - -77. What is the highest common divisor of 24 and a?
12
Let o(x) be the second derivative of 4*x**3/3 + 4*x**2 + x. Let p be o(4). Calculate the highest common factor of 16 and p.
8
Let s = -2 - -32. Let z be (2 + 22)*20/s. Calculate the highest common divisor of z and 80.
16
Suppose -106 = -3*w + 53. Let b = w + -29. What is the highest common factor of b and 16?
8
Let r be ((-10)/2)/(25/(-75)). Let y be (1 - 24/r) + 12801/85. Calculate the highest common factor of 30 and y.
30
Suppose -9 = 4*w + 5*h - 240, -4*w + 241 = 3*h. What is the highest common factor of w and 160?
32
Let b be -5 + 104 + (-4)/(-4). Let i = -95 + b. What is the greatest common divisor of 5 and i?
5
Let p = -314 + 320. Calculate the greatest common divisor of p and 366.
6
Let i be 1/2 + (-4)/(-8). Suppose -5 = m - i. Let z be (-46)/(-10) + m/(-10). What is the greatest common divisor of 45 and z?
5
Let w(i) = 10*i - 4*i - 3*i - 4*i + 6*i**2. Let j be w(1). Suppose 5*y + 2*z = 61, 57 = j*y - 0*y + 4*z. What is the greatest common factor of y and 13?
13
Let a = -591 - -603. Let i(j) = j**3 - 3*j**2 + 3*j + 3. Let s be i(3). What is the greatest common divisor of s and a?
12
Let h be (-18)/(-33) - (-740)/55. What is the greatest common factor of h and 1022?
14
Suppose -3*r - t + 11448 = t, -19096 = -5*r + 2*t. What is the highest common factor of r and 46?
46
Suppose 3*v + v - 102 = 2*m, -6 = 2*m. Let c(l) = l**3 - 25*l**2 + 33*l + 56. Let q be c(v). Calculate the highest common divisor of 17 and q.
17
Let g = -1749 - -1772. Suppose 0*f + 759 = 3*f. What is the greatest common divisor of g and f?
23
Let z(p) = -2*p**3 + 95*p**2 - 46*p - 39. Let j be z(47). What is the greatest common factor of j and 5?
1
Suppose -2*v - 4*x = -v - 54, 5*v + 3*x - 355 = 0. Suppose 60*t = 62*t - v. What is the highest common factor of t and 259?
37
Let b = -81 - -391. Calculate the highest common factor of 20 and b.
10
Let i = -31 - -55. Let z(j) = 2*j**2 + 15*j - 14. Let c be z(-8). Let m = 14 + c. What is the greatest common divisor of m and i?
8
Let m be ((-12)/(-16)*4)/(1 - 0). Suppose -c = m*c - 136. Calculate the greatest common divisor of 17 and c.
17
Suppose 5*z = -6*z + 2574. What is the highest common factor of z and 6?
6
Suppose 5*g - 4*j + 0 = 5, 2*g - 19 = 5*j. Let m be (-7)/(3/(-6 - g)). Suppose 0 = 6*h - 7*h + 28. What is the greatest common factor of m and h?
7
Let j = -247 - -499. Suppose p - 28 - 6 = 3*y, -5*y - 94 = -3*p. What is the greatest common factor of p and j?
28
Let a = 44 - 22. Suppose 3 = l - 0*l. Suppose 0 = -l*j - 4*g + 26, 28 = 5*j + 2*g + 8. What is the highest common divisor of a and j?
2
Suppose -4*x + 45 = 13. Let z be (-2)/x + 341/4. Suppose -n + 5*r = -z, 5*n - 4*r - 365 = r. Calculate the highest common factor of n and 10.
10
Let d be (8 - -6)*(-30)/(-7). Calculate the greatest common factor of d and 192.
12
Let s be (-1 - (-33)/9)*12. Let u(p) = -p**3 + 7*p**2 - 5*p + 7. Let r be u(5). What is the greatest common factor of s and r?
32
Let f(t) = -t**2 - 8*t + 3. Let a be f(-8). Let c(n) = -1 - n + a - n**2 - 5*n**3 + n**2. Let i be c(-2). Calculate the greatest common divisor of 66 and i.
22
Suppose 6*o - 390 = o. Let x be 5 + 22 + 3/(-3). Calculate the greatest common divisor of x and o.
26
Let l be (-2148)/(-15) + (54/30 - 1). What is the highest common factor of 528 and l?
48
Let i be ((-940)/(-15))/((-30)/(-45)). What is the highest common divisor of 423 and i?
47
Let g(c) = 4*c - 43. Let l(q) = 4*q - 43. Let a(j) = 5*g(j) - 6*l(j). Let n be a(-12). What is the greatest common divisor of n and 13?
13
Let t(w) = 2*w**2 - 9*w + 4. Let m be t(8). Let s(k) = -k**2 + 30*k + 34. Let i be s(28). What is the highest common divisor of i and m?
30
Suppose 7*i - 23 = 5. What is the highest common factor of i and 4?
4
Let u(c) = c**3 - 9*c**2 + 11*c - 6. Let z be u(8). Let t = z + -13. Suppose 1 = -t*b - 2*n + 27, 0 = 3*n + 6. Calculate the highest common factor of b and 48.
6
Let o(a) = -a**2 + 10*a - 12. Let q be ((-5)/2 - -3)/(3/36). Let f be o(q). Calculate the highest common divisor of 12 and f.
12
Suppose 0 = -i + 3*i - 10. Suppose 0*u - 40 = i*u. Let n be (-544)/(-18) + u/36. What is the highest common divisor of n and 45?
15
Let t(u) = -u - 15*u - 2*u**3 - 12 - 15*u**2 + u**3 + u. Let p be t(-14). Calculate the greatest common factor of p and 5.
1
Let p(j) = -12*j + 10*j**3 - 11*j**3 - 207*j**2 + 219*j**2. Let x be p(10). Calculate the highest common divisor of x and 16.
16
Let l = -126 + 270. Suppose l = 4*h + 4*h. Calculate the greates